, u*j = -g + 134 - 33. Calculate the remainder when 96 is divided by j.
30
Suppose -o - 8 = -12. Suppose 4*j = -3*k + 145, j + 87 = o*j - 5*k. Calculate the remainder when j is divided by 12.
10
Suppose -2*v - 3*v + 6 = -g, 3*v = 2*g - 2. What is the remainder when 23 is divided by g?
3
Suppose -4*h + 0 + 16 = 0. Calculate the remainder when 6 is divided by h.
2
Let f = 0 - -3. Let d = -13 + 20. Calculate the remainder when d is divided by f.
1
Suppose 0 = -2*d + 15 - 7. Calculate the remainder when 3/18*d*63 is divided by 15.
12
Suppose 6*u - 2*u = -8, c - 5 = u. Calculate the remainder when 6 is divided by c.
0
Let g(j) = j**3 + 3*j**2 - 2*j - 3. What is the remainder when g(3) is divided by 16?
13
Suppose j + 3 = 22. Let w = 72 - j. Calculate the remainder when w is divided by 14.
11
Let p be 1*(4 + -11 + 4). Let n(f) = f - 1. Let u(g) = 14*g - 14. Let w(d) = 10*n(d) - u(d). What is the remainder when w(p) is divided by 9?
7
Let q = 145 + -8. What is the remainder when q is divided by 46?
45
Let q(x) be the third derivative of 5*x**4/24 - x**3 - x**2. What is the remainder when q(4) is divided by 8?
6
Let p = -10 - -15. Suppose p*l = 2*i - 6*i + 42, -21 = -4*l + i. Calculate the remainder when 22 is divided by l.
4
Let o = 1 - -15. Calculate the remainder when 30 is divided by o.
14
Suppose -4*b + 5 = -9*b. Let f(v) = 3*v - 3*v + v - 5*v**3 + 1. What is the remainder when 7 is divided by f(b)?
2
Let y(t) = t**3 - 2*t**2 + 2. Let u be y(3). Let h = -18 + 26. What is the remainder when h is divided by (2 + u + -3)/2?
3
Let z(v) = 4*v**2 - 3*v + 1. What is the remainder when z(3) is divided by 15?
13
Suppose 0 = -5*d - 10*d + 1065. Calculate the remainder when d is divided by 18.
17
Let q(u) = -u**3 + 20*u**2 + u + 11. What is the remainder when 122 is divided by q(20)?
29
Let t(d) = 11*d**2 + 2*d - 3. Let x = 37 + -22. Calculate the remainder when t(2) is divided by (138/x)/(4/10).
22
Suppose 2*n = -2*n + 8. Suppose 2*p - 1 + 9 = 2*r, -r + 3 = -n*p. What is the remainder when 14 is divided by r?
4
Let v(r) = -7*r + 3*r + 6*r + 0*r - 2. Calculate the remainder when 48 is divided by v(6).
8
Let q(s) = -2*s + 3. Let y be q(3). Let n = y - -40. Suppose -5*z + 2*z = 5*i - 62, 5*i + 4*z = 61. What is the remainder when n is divided by i?
11
Let h(d) = 34*d**2 - 2*d + 1. Calculate the remainder when 130 is divided by h(1).
31
Let i(o) = 5*o - 31. Calculate the remainder when i(7) is divided by 3.
1
Suppose c + 13 = -0*c. Let n be (c/(-2))/(1/6). Suppose -2*x = -4*q - n - 35, -185 = -5*x - 5*q. Calculate the remainder when x is divided by 19.
18
Suppose 5*n = -3*c + 8, -n - 3*c + 6*c = -16. Suppose -n*g + 47 + 37 = 0. Calculate the remainder when g*1 - (-3 - -5) is divided by 7.
5
Let a(n) = 2*n**3 + n + 2. What is the remainder when a(2) is divided by 11?
9
Suppose 38 + 166 = 4*m. Let k = m - 31. Calculate the remainder when k is divided by 11.
9
Let o = 73 + -34. Let k = 6 + 52. Suppose 5*v = 42 + k. What is the remainder when o is divided by v?
19
Let m(l) = -5*l - 26. Let x(i) = 2*i + 9. Let b(d) = -3*m(d) - 8*x(d). Let t be b(0). What is the remainder when t*24/9 - 2 is divided by 8?
6
Suppose 5*v - o = -4*o + 118, 3*v - 72 = -3*o. What is the remainder when v is divided by ((-16)/(-10))/((-1)/(-5))?
7
Let q(w) = 3*w**3 + 3*w - 5. What is the remainder when q(2) is divided by 13?
12
Let t be 2/9 - 7/(-9). Let p be 4 + (2 - 0 - t). Suppose -p*k = -18 - 122. What is the remainder when k is divided by 10?
8
Let h(m) = -m**2 - 6*m. Let r = 1 + -5. Let z be h(r). Suppose 0 = -3*c + 4 + z. Calculate the remainder when c is divided by 3.
1
Calculate the remainder when 163 is divided by 41*(-6)/24*4/(-1).
40
Let x = -11 + -1. Calculate the remainder when 4 is divided by (-13)/(-78) - 22/x.
0
Let j(p) = 888*p**2 + 1. Let q be j(-1). Suppose -541 = -5*a + q. Suppose 5*o + 66 = a. What is the remainder when o is divided by 23?
21
Let y = 209 + -173. What is the remainder when 71 is divided by y?
35
Let a = 9 + -1. Suppose a = -3*c + 4*c. Suppose 3*s + 78 = 3*i, 5*i + 0*i - s = 118. Calculate the remainder when i is divided by c.
7
Suppose -528 = -5*o + 22. Suppose 4*d - o = -2*y, 2*y + d = 63 + 47. Calculate the remainder when y is divided by 19.
17
Suppose -514 = -4*h + 3*z + 145, z = -2*h + 317. Calculate the remainder when h is divided by 41.
38
Suppose -2*j + 52 + 12 = 0. What is the remainder when j is divided by 11?
10
Let x = -48 - -68. Calculate the remainder when 38 is divided by x.
18
Let g(b) = b**3 - 3*b**2 + 5*b - 2. Calculate the remainder when g(3) is divided by 8.
5
Let y = 58 - 37. Let p = y - 14. What is the remainder when 11 is divided by p?
4
Suppose -12*u + 210 = -2*u. Calculate the remainder when 123 is divided by u.
18
Let s(h) = 2*h + 2. Let p = 1 + 1. Calculate the remainder when 15 is divided by s(p).
3
Suppose 0 = -4*g - 13 + 165. What is the remainder when g is divided by 8?
6
Suppose 2*n - 13 - 1 = 0. Suppose 4*u - 2 = 3*u. Calculate the remainder when n is divided by ((-6)/(-15))/(u/20).
3
Suppose 0*q + 60 = 2*q. Suppose -5*k = -t - 2*t + 34, 0 = -2*t + k + 18. Calculate the remainder when q is divided by t.
6
Let m = -9 - -77. What is the remainder when m is divided by 23?
22
Let d(b) = -b**2 - 8*b - 7. Let a be d(-7). Suppose -m - 4*p + 24 = a, 3*p - 6*p = m - 19. Let o = 3 - -7. Calculate the remainder when o is divided by m.
2
Suppose -x - 64 = -5*x. What is the remainder when (-2)/(-2)*5/(20/244) is divided by x?
13
Calculate the remainder when (30/(-9) + 2)/(1/(-78)) is divided by 27.
23
Let i = -85 + 116. Calculate the remainder when 90 is divided by i.
28
Suppose 3*d + 210 = 5*o, 2*o - 26 = -5*d + 27. What is the remainder when o is divided by 21?
18
Let q = 18 + 27. Calculate the remainder when q is divided by 12.
9
Suppose 3 = 4*z + 3*t, -3*z + t - 9 = -7*z. Suppose -4*n + 33 = 2*i - 3, 5*n = -z*i + 45. Suppose -38 = -5*v + 47. What is the remainder when v is divided by n?
8
Let i = 38 - 24. Calculate the remainder when i is divided by 8.
6
Let t(o) = o**2 + 9*o - 13. Let c be t(-9). Let l = 26 + c. What is the remainder when l is divided by 5?
3
Calculate the remainder when (-4)/6 + (-204)/(-9) is divided by 12.
10
Let d(w) = 2*w - 2. Let m = -12 + 25. Suppose -3*y = 1 - m. Calculate the remainder when d(6) is divided by y.
2
Let j = -490 - -802. What is the remainder when j is divided by 35?
32
Let c(b) = 5*b - 6. Suppose 4*o - 25 = 3. Let n(z) = -z**3 - 7*z**2 - 7*z + 4. What is the remainder when c(o) is divided by n(-6)?
9
Suppose -5*b + 5 = -0, 4*g + b = 5. Calculate the remainder when 3 is divided by g.
0
Let i(v) = -v + 11. Let f be i(8). Let a be (-56)/(-2) - f - -3. Suppose -2*t = s - a, 14 = t + 3*s + 2*s. Calculate the remainder when 54 is divided by t.
12
Calculate the remainder when 22 is divided by ((-7)/21 + (-14)/(-6))*3.
4
Suppose -2*c - 4 = -4*c. Suppose 3*a = c*a. Suppose -42 = -w - 2*w - 2*z, a = 2*w - 4*z - 44. What is the remainder when 30 is divided by w?
14
Let z(q) = 54*q + 1. Let a be z(-2). Let r = a + 156. What is the remainder when r is divided by 13?
10
Let c(b) = b. Calculate the remainder when c(5) is divided by (0 - -4) + 0 + 0.
1
Let k = 53 + -28. Let c = 6 - -7. Calculate the remainder when k is divided by c.
12
Let l(q) = q**2 - 5*q - 16. What is the remainder when 39 is divided by l(-3)?
7
Let a(s) = -s**2 - 11*s - 7. What is the remainder when 82 is divided by a(-4)?
19
Suppose v - 2*m - 1 = 0, 4*v - m - 10 + 41 = 0. Calculate the remainder when (v/27)/(1/(-33)) is divided by 6.
5
Suppose b - 2*b + 3 = 0. Suppose 3*a - 2*c = 183, 90 = b*a + 4*c - 111. Calculate the remainder when a is divided by 13.
11
Suppose -14*i = -9*i - 40. Calculate the remainder when 35 is divided by i.
3
Let j(h) = -h**3 - 5*h**2 - 4*h - 14. Let n(q) = -q**3 + 5*q**2 - q + 5. What is the remainder when n(4) is divided by j(-5)?
5
Let t = -95 + -31. Let b = t - -194. Calculate the remainder when b is divided by 23.
22
What is the remainder when 15 is divided by 200/32 + 2/(-8)?
3
Let n(q) = -q**2 + 7*q - 3. Let j be n(9). Calculate the remainder when 9/j - (-398)/14 is divided by 10.
8
Suppose 5*c + 35 = 2*b - 66, c - 119 = -2*b. Suppose 5*u + 215 = 5*j, -10 = 3*u - 1. Let d = -20 + j. Calculate the 